3. Calculate the highest common factor of q and 16.
16
Suppose -4*x - 80 = -9*x. Let i = 61 + 19. Calculate the greatest common factor of x and i.
16
Let l(c) = -c**3 - 3*c**2 + 6*c - 5. Let p be l(-5). Let i be 4/18 + (-1232)/36. Let q = 94 + i. What is the greatest common factor of p and q?
15
Let x(p) = -9*p - 10. Let q be x(-4). What is the highest common divisor of q and 208?
26
Suppose -4*s + 2*x - 29 = x, 12 = -3*s + 4*x. Let p be ((-10)/4)/(s/(-32)). Let k(w) = -w + 2. Let y be k(p). What is the highest common divisor of y and 96?
12
Suppose 2*y - 26 = -0*y. Suppose -1 = 4*l - y. Suppose -l*h = -28 - 47. What is the highest common factor of h and 10?
5
Let m(j) = -j**3 - 9*j**2 - 11*j. Let f be m(-8). Let q = -34 - -46. Calculate the highest common factor of q and f.
12
Let d(r) = -3*r - 11. Let s be d(-6). Suppose s*x = 12*x - 90. What is the highest common factor of x and 45?
9
Suppose -5*v = -l - 35, 2*l = v - 0*l - 7. Calculate the highest common factor of 7 and v.
7
Let j(w) = -3*w**3 - 10*w**2 + 5. Let y be j(-7). Suppose y + 191 = 5*q. Calculate the highest common divisor of 21 and q.
21
Let m(p) = 2*p - 12. Let z be m(8). Let b = z + -2. What is the highest common divisor of 18 and b?
2
Suppose -47 = -4*f - y + 4, -4*f = -2*y - 66. Let j = -5 + f. Let g = 42 - -39. What is the highest common divisor of g and j?
9
Let r = 39 - 226. Let w(l) = -l**3 + 5*l**2 - 2*l. Let n be w(7). Let p = n - r. Calculate the greatest common divisor of p and 25.
25
Let t = -189 + 293. Suppose 62 = 4*u + 5*n, 3*n = 3*u - 23 - 10. Calculate the highest common divisor of u and t.
13
Suppose 0 = -5*w + 15, -12 = -m - w. Calculate the highest common divisor of 9 and m.
9
Suppose 2*a = -0 + 6. Suppose 2*w + 4*r = 36, -r + 38 = w - a*r. Let k = -57 + 71. What is the highest common divisor of k and w?
14
Let p(n) = 3*n - 2. Let r be p(-2). Let o be r/2*(-1 - 2). Calculate the greatest common divisor of 36 and o.
12
Let z be 3/6*(14 + -4). What is the greatest common factor of z and 30?
5
Let t(i) = 6*i - 69. Let f be t(14). Calculate the greatest common divisor of f and 20.
5
Let k be 21 + (-8 + 4 - -1). Calculate the greatest common divisor of k and 18.
18
Suppose h = 5 + 17. Let p = 60 + -38. Calculate the greatest common factor of h and p.
22
Let j = 4 + 84. Let y be 3*15/(-6)*8/30. Let a be j/16 - y/4. What is the greatest common divisor of 3 and a?
3
Let i be 2/2*22 + 7/7. What is the highest common factor of i and 92?
23
Suppose -m - 220 = -5*m. Let t = 12 + -7. Suppose -t*b = -b - 4*j - 20, -3*j - 10 = -2*b. What is the greatest common factor of m and b?
5
Let j = 13 + -3. What is the greatest common factor of 10 and j?
10
Let r = -124 - -174. What is the greatest common divisor of r and 300?
50
Suppose -2*b = -5*b + 9. Suppose 0 = b*a - 5*v - 106, 4*a = -0*a + 4*v + 136. Calculate the greatest common factor of 8 and a.
8
Let g be 36/(4/((-64)/(-12))). Let m be ((-2)/(-2) - 17)*-1. What is the greatest common factor of g and m?
16
Let s be 5/15 + (-100)/(-6). Calculate the highest common divisor of s and 51.
17
Let v = 4 + 2. Suppose -5*i = -4*w - 63, 0 = w - v*w + 15. Calculate the greatest common factor of 3 and i.
3
Suppose 10 + 11 = 3*p. What is the highest common divisor of 112 and p?
7
Suppose 17 = 5*t - 3. Suppose -f - 18 = -t*f. Calculate the highest common factor of f and 6.
6
Suppose 3*c + 0*c - 98 = -4*a, c - 4*a = 22. What is the greatest common factor of 75 and c?
15
Suppose 3*s - 15 = -t, -2*t + 28 = -2*s - 2. Suppose w + 2 - 7 = 0. What is the greatest common factor of w and t?
5
Suppose -367 + 1 = -3*i. Let v be 2/(-1 - i/(-121)). Let p(z) = -z**3 + 7*z**2 - 6*z + 2. Let b be p(5). Calculate the highest common factor of v and b.
22
Let n(g) = 49*g**3 + g**2 - 3*g + 2. Let t be n(1). Calculate the greatest common factor of 7 and t.
7
Let d(w) = 18*w - 6. Let v be d(5). Suppose 5*m + 4*x - 101 = 0, 5*m - 3*m - 43 = x. What is the highest common divisor of v and m?
21
Suppose 0 = 2*l - 4 - 2. Suppose 4*t + 3*z + 0*z - 3 = 0, -t = -z + 1. Suppose -5*k - 17 = -l*o, o + t*o - 7 = k. What is the highest common factor of 72 and o?
9
Let x(k) = k**3 + 13*k**2 - 14*k + 9. Let l be x(-14). Let v = 22 + -13. Calculate the greatest common factor of v and l.
9
Suppose 3*v + 51 + 21 = 0. Let u be v/12 + 1*26. Suppose 3*n = 5*f + 24, n - 15 = -2*f + 6*f. What is the highest common divisor of u and n?
3
Suppose o + 3*o - 15 = f, -4*o + 3*f + 21 = 0. Suppose 4*u = 2*i + 6, 2*i + o*u + 0*u - 15 = 0. What is the highest common divisor of 2 and i?
1
Suppose -2*o - 2*o = -64. Calculate the highest common divisor of 80 and o.
16
Suppose 11*i - 8 = 10*i. What is the highest common divisor of i and 32?
8
Suppose -2*j - 15 = -5*y, -3*y + j + 0*j = -9. Suppose 4*q + v - y*v - 50 = 0, 2*q - 35 = -v. Calculate the highest common divisor of 10 and q.
5
Let v be 4/(-6)*2805/(-34). Calculate the greatest common factor of v and 5.
5
Let y = 21 - 6. What is the highest common divisor of 30 and y?
15
Let r(j) = 55*j**2 - j. Let w be r(1). Let s(u) = u**3 - 6*u**2 - 2. Let x be s(6). Let z = x - -8. What is the highest common factor of z and w?
6
Let x be (1 + 1)/(2/12). What is the greatest common divisor of x and 36?
12
Let z be (1/3)/((-1)/(-6)). Suppose 0 = -5*d + t, 2*d + z*t = 3*d. Suppose 3*g + 83 - 251 = d. Calculate the highest common factor of 14 and g.
14
Suppose -4*d + 5*p = -257, 0 = -3*d + d - 5*p + 91. Suppose t - d = -0*t. What is the highest common factor of t and 29?
29
Let d(r) = 10*r - 7. Let x be d(3). Calculate the highest common factor of x and 207.
23
Let l(w) be the second derivative of 5*w**4/12 - w**3/6 - 5*w**2/2 + 9*w. Let k be l(5). What is the highest common factor of k and 23?
23
Let r be 7/(105/80)*(-18)/(-8). Calculate the greatest common divisor of 12 and r.
12
Suppose 2*l - 104 = 24. Let k(f) = f**2 + f - 5. Let v be k(5). Suppose 15 = 3*a, 4*t + t = 3*a + v. Calculate the highest common factor of l and t.
8
Suppose 351 = 26*w - 23*w. Calculate the highest common divisor of w and 13.
13
Suppose -2*a + 138 + 22 = 0. Calculate the highest common factor of a and 16.
16
Let y be 5*1*(6 - -2). Suppose 9*h - 4*h - y = 0. Calculate the greatest common divisor of h and 20.
4
Let d(v) = v**2 + 3*v - 2. Let x be d(-6). Calculate the highest common divisor of x and 176.
16
Let w be (1 - 0)/(5/10). Suppose n - 16 = -0*u + 3*u, -4*n = 4*u. Suppose 0 = 3*x + n*d, 0*x - w*d - 10 = -x. Calculate the highest common divisor of x and 12.
4
Suppose 5*g - 11 = -1, -23 = -5*y - 4*g. Suppose -y*r + 7 = -2. What is the highest common divisor of r and 12?
3
Suppose -2*t - 9 = -3*p, -p = 4*t + 8 + 3. Suppose -44 = -5*c + c. What is the greatest common factor of c and p?
1
Suppose 2*g - 10 + 2 = 0. Suppose g*s - 16 = 2*s. What is the highest common divisor of 16 and s?
8
Let g(p) = p**2 - 5. Let t be g(4). Let d(l) = 2 - 131*l - 4 + 1 + 31*l. Let n be d(-1). Calculate the highest common factor of n and t.
11
Let r be (-172)/(-14) + 19/((-1330)/20). What is the highest common divisor of r and 348?
12
Suppose -6*a = -3*a - 201. Suppose -5*y + a + 114 = 3*o, 5*y - 77 = -o. Calculate the greatest common divisor of o and 26.
26
Let z = 5 + -2. Suppose r - z - 2 = 0. Suppose l - 2*l = -2, -l = -r*n + 18. Calculate the greatest common divisor of 6 and n.
2
Let v be 525/(-10)*(-2)/3. Calculate the greatest common factor of 7 and v.
7
Let u be 1 - 1 - 1/(2/(-54)). What is the greatest common factor of 108 and u?
27
Let m = 14 - 8. Let s = -5 + m. Let r be 80 - ((-9)/(-3) - s). What is the greatest common factor of 13 and r?
13
Let x be -2 + -1 + 24 + -3. Calculate the highest common factor of x and 198.
18
Let i be (18/(-8))/(6/(-16)). Suppose 30 = 3*x - i. What is the highest common divisor of 6 and x?
6
Let i(m) = m**2 + 5*m + 6. Let s be i(-5). Let f = -3 + s. Suppose -f*u - 3*k = -4*u + 18, k = 2*u - 56. What is the highest common factor of 6 and u?
6
Let o(f) = f**2 + 4*f - 8. Let t be o(-6). What is the highest common divisor of 7 and t?
1
Suppose -b = b - 80. Calculate the greatest common factor of b and 10.
10
Suppose 0 = -0*r - 4*r + 72. Let a = -8 + r. Suppose -16*m - 70 = -17*m. Calculate the greatest common divisor of m and a.
10
Suppose 0 = 31*f - 23